{"id":142691,"date":"2024-06-07T15:36:51","date_gmt":"2024-06-07T13:36:51","guid":{"rendered":"https:\/\/dev.bassin-arcachon.com\/agenda-et-sorties\/concert-de-lete-melody-gardot\/"},"modified":"2025-06-05T04:32:29","modified_gmt":"2025-06-05T02:32:29","slug":"concert-de-lete-melody-gardot","status":"publish","type":"agenda","link":"https:\/\/dev.bassin-arcachon.com\/it\/agenda-e-gite\/concert-de-lete-melody-gardot\/","title":{"rendered":"Concert de l&rsquo;\u00e9t\u00e9 M\u00e9lody GARDOT &#8211; ANNUL\u00c9"},"content":{"rendered":"<p>\u00ab\u00a0SPECTACLE ANNUL\u00c9\u00a0\u00bb<br \/>\nDans le cadre de sa tourn\u00e9e exceptionnelle en France, l\u2019Espace Br\u00e9montier pr\u00e9sente\u2009M\u00e9lody Gardot, artiste embl\u00e9matique du jazz contemporain !<br \/>\nAvec sa voix profonde et sensuelle, elle transcende les genres, m\u00ealant habilement jazz, folk et bossa nova dans des interpr\u00e9tations singuli\u00e8res. La virtuosit\u00e9 des musiciens qui l&rsquo;accompagnent vous assure un spectacle \u00e0 venir inoubliable.<br \/>\nOuverture des portes  \u00e0 19h pour un d\u00e9but du concert \u00e0 21h.<br \/>\nDur\u00e9e : 1h30 sans entracte, pas de premi\u00e8re partie.<br \/>\nTarif debout ou PMR : 35\u20ac \/ Tarif assis : 65\u20ac (dans la limite des places disponibles)<br \/>\nRinfreschi e cibo in loco.<br \/>\nPlus de d\u00e9tails sur www.espacebremontier-ares.fr<\/p>","protected":false},"featured_media":157344,"template":"","villea":[2172],"cat-event":[2191],"class_list":["post-142691","agenda","type-agenda","status-publish","has-post-thumbnail","hentry","villea-ares","cat-event-musique-et-concerts"],"acf":[],"uagb_featured_image_src":{"full":["https:\/\/dev.bassin-arcachon.com\/wp-content\/uploads\/2025\/04\/180420251744943489_577922284.png",1024,1448,false],"thumbnail":["https:\/\/dev.bassin-arcachon.com\/wp-content\/uploads\/2025\/04\/180420251744943489_577922284-150x150.png",150,150,true],"medium":["https:\/\/dev.bassin-arcachon.com\/wp-content\/uploads\/2025\/04\/180420251744943489_577922284-212x300.png",212,300,true],"medium_large":["https:\/\/dev.bassin-arcachon.com\/wp-content\/uploads\/2025\/04\/180420251744943489_577922284-768x1086.png",768,1086,true],"large":["https:\/\/dev.bassin-arcachon.com\/wp-content\/uploads\/2025\/04\/180420251744943489_577922284-724x1024.png",724,1024,true],"1536x1536":["https:\/\/dev.bassin-arcachon.com\/wp-content\/uploads\/2025\/04\/180420251744943489_577922284.png",1024,1448,false],"2048x2048":["https:\/\/dev.bassin-arcachon.com\/wp-content\/uploads\/2025\/04\/180420251744943489_577922284.png",1024,1448,false],"trp-custom-language-flag":["https:\/\/dev.bassin-arcachon.com\/wp-content\/uploads\/2025\/04\/180420251744943489_577922284-8x12.png",8,12,true],"fp-small":["https:\/\/dev.bassin-arcachon.com\/wp-content\/uploads\/2025\/04\/180420251744943489_577922284-640x905.png",640,905,true],"fp-large":["https:\/\/dev.bassin-arcachon.com\/wp-content\/uploads\/2025\/04\/180420251744943489_577922284.png",1024,1448,false],"fp-xlarge":["https:\/\/dev.bassin-arcachon.com\/wp-content\/uploads\/2025\/04\/180420251744943489_577922284.png",1024,1448,false]},"uagb_author_info":{"display_name":"","author_link":"https:\/\/dev.bassin-arcachon.com\/it\/author\/"},"uagb_comment_info":0,"uagb_excerpt":"\u00ab\u00a0SPECTACLE ANNUL\u00c9\u00a0\u00bb Dans le cadre de sa tourn\u00e9e exceptionnelle en France, l\u2019Espace Br\u00e9montier pr\u00e9sente\u2009M\u00e9lody Gardot, artiste embl\u00e9matique du jazz contemporain ! Avec sa voix profonde et sensuelle, elle transcende les [&hellip;]","_links":{"self":[{"href":"https:\/\/dev.bassin-arcachon.com\/it\/wp-json\/wp\/v2\/agenda\/142691","targetHints":{"allow":["GET"]}}],"collection":[{"href":"https:\/\/dev.bassin-arcachon.com\/it\/wp-json\/wp\/v2\/agenda"}],"about":[{"href":"https:\/\/dev.bassin-arcachon.com\/it\/wp-json\/wp\/v2\/types\/agenda"}],"version-history":[{"count":3,"href":"https:\/\/dev.bassin-arcachon.com\/it\/wp-json\/wp\/v2\/agenda\/142691\/revisions"}],"predecessor-version":[{"id":159326,"href":"https:\/\/dev.bassin-arcachon.com\/it\/wp-json\/wp\/v2\/agenda\/142691\/revisions\/159326"}],"wp:featuredmedia":[{"embeddable":true,"href":"https:\/\/dev.bassin-arcachon.com\/it\/wp-json\/wp\/v2\/media\/157344"}],"wp:attachment":[{"href":"https:\/\/dev.bassin-arcachon.com\/it\/wp-json\/wp\/v2\/media?parent=142691"}],"wp:term":[{"taxonomy":"villea","embeddable":true,"href":"https:\/\/dev.bassin-arcachon.com\/it\/wp-json\/wp\/v2\/villea?post=142691"},{"taxonomy":"cat-event","embeddable":true,"href":"https:\/\/dev.bassin-arcachon.com\/it\/wp-json\/wp\/v2\/cat-event?post=142691"}],"curies":[{"name":"wp","href":"https:\/\/api.w.org\/{rel}","templated":true}]}}

Concert de l&rsquo;été Mélody GARDOT &#8211; ANNULÉ

<p>« SPECTACLE ANNULÉ »<br />
Dans le cadre de sa tournée exceptionnelle en France, l’Espace Brémontier présente Mélody Gardot, artiste emblématique du jazz contemporain !<br />
Avec sa voix profonde et sensuelle, elle transcende les genres, mêlant habilement jazz, folk et bossa nova dans des interprétations singulières. La virtuosité des musiciens qui l&rsquo;accompagnent vous assure un spectacle à venir inoubliable.<br />
Ouverture des portes  à 19h pour un début du concert à 21h.<br />
Durée : 1h30 sans entracte, pas de première partie.<br />
Tarif debout ou PMR : 35€ / Tarif assis : 65€ (dans la limite des places disponibles)<br />
Rinfreschi e cibo in loco.<br />
Plus de détails sur www.espacebremontier-ares.fr</p>

« SPECTACLE ANNULÉ » Dans le cadre de sa tournée exceptionnelle en France, l’Espace Brémontier présente Mélody Gardot, artiste emblématique du jazz contemporain ! Avec sa voix profonde et sensuelle, elle transcende les [&hellip;]
