{"id":161715,"date":"2025-04-24T15:14:09","date_gmt":"2025-04-24T13:14:09","guid":{"rendered":"https:\/\/dev.bassin-arcachon.com\/agenda-et-sorties\/danse-collectif-bilaka-bezperan\/"},"modified":"2025-06-05T04:30:24","modified_gmt":"2025-06-05T02:30:24","slug":"danza-collettiva-bilaka-bezperan","status":"publish","type":"agenda","link":"https:\/\/dev.bassin-arcachon.com\/it\/agenda-e-gite\/danza-collettiva-bilaka-bezperan\/","title":{"rendered":"Danza: Collettivo Bilaka \u2013 \u201cBezperan\u201d"},"content":{"rendered":"<p>Dopo aver ospitato la compagnia in diverse occasioni, in particolare nel primo percorso coreografico e in &quot;Gernika&quot;, il Teatro Olympia ha scelto di presentare questa nuova avventura artistica del collettivo Bilaka.<br \/>\nQuesta volta, con otto ballerini e quattro musicisti, i giovani artisti baschi uniscono le forze con il regista Daniel San Pedro. Mescolando danza, musica e teatro, &quot;Bezperan&quot; offre un modo unico di raccontare una storia. \u00c8 la storia di queste donne e uomini che, una sera d&#039;inverno nella neve, nel silenzio assordante della vita passata, parlano alle api e implorano la terra di evocare una nuova luce, un nuovo equilibrio.<\/p>","protected":false},"featured_media":161716,"template":"","villea":[2176],"cat-event":[2188],"class_list":["post-161715","agenda","type-agenda","status-publish","has-post-thumbnail","hentry","villea-arcachon","cat-event-culture"],"acf":[],"uagb_featured_image_src":{"full":["https:\/\/dev.bassin-arcachon.com\/wp-content\/uploads\/2025\/05\/160520251747362740_1749668630.jpg",800,562,false],"thumbnail":["https:\/\/dev.bassin-arcachon.com\/wp-content\/uploads\/2025\/05\/160520251747362740_1749668630-150x150.jpg",150,150,true],"medium":["https:\/\/dev.bassin-arcachon.com\/wp-content\/uploads\/2025\/05\/160520251747362740_1749668630-300x211.jpg",300,211,true],"medium_large":["https:\/\/dev.bassin-arcachon.com\/wp-content\/uploads\/2025\/05\/160520251747362740_1749668630-768x540.jpg",768,540,true],"large":["https:\/\/dev.bassin-arcachon.com\/wp-content\/uploads\/2025\/05\/160520251747362740_1749668630.jpg",800,562,false],"1536x1536":["https:\/\/dev.bassin-arcachon.com\/wp-content\/uploads\/2025\/05\/160520251747362740_1749668630.jpg",800,562,false],"2048x2048":["https:\/\/dev.bassin-arcachon.com\/wp-content\/uploads\/2025\/05\/160520251747362740_1749668630.jpg",800,562,false],"trp-custom-language-flag":["https:\/\/dev.bassin-arcachon.com\/wp-content\/uploads\/2025\/05\/160520251747362740_1749668630-18x12.jpg",18,12,true],"fp-small":["https:\/\/dev.bassin-arcachon.com\/wp-content\/uploads\/2025\/05\/160520251747362740_1749668630-640x450.jpg",640,450,true],"fp-large":["https:\/\/dev.bassin-arcachon.com\/wp-content\/uploads\/2025\/05\/160520251747362740_1749668630.jpg",800,562,false],"fp-xlarge":["https:\/\/dev.bassin-arcachon.com\/wp-content\/uploads\/2025\/05\/160520251747362740_1749668630.jpg",800,562,false]},"uagb_author_info":{"display_name":"","author_link":"https:\/\/dev.bassin-arcachon.com\/it\/author\/"},"uagb_comment_info":0,"uagb_excerpt":"Apr\u00e8s avoir accueilli \u00e0 plusieurs reprises la compagnie notamment sur le premier parcours chor\u00e9graphique et \u00ab Gernika \u00bb, le Th\u00e9\u00e2tre Olympia a choisi de pr\u00e9senter cette nouvelle aventure artistique du [&hellip;]","_links":{"self":[{"href":"https:\/\/dev.bassin-arcachon.com\/it\/wp-json\/wp\/v2\/agenda\/161715","targetHints":{"allow":["GET"]}}],"collection":[{"href":"https:\/\/dev.bassin-arcachon.com\/it\/wp-json\/wp\/v2\/agenda"}],"about":[{"href":"https:\/\/dev.bassin-arcachon.com\/it\/wp-json\/wp\/v2\/types\/agenda"}],"version-history":[{"count":1,"href":"https:\/\/dev.bassin-arcachon.com\/it\/wp-json\/wp\/v2\/agenda\/161715\/revisions"}],"predecessor-version":[{"id":161939,"href":"https:\/\/dev.bassin-arcachon.com\/it\/wp-json\/wp\/v2\/agenda\/161715\/revisions\/161939"}],"wp:featuredmedia":[{"embeddable":true,"href":"https:\/\/dev.bassin-arcachon.com\/it\/wp-json\/wp\/v2\/media\/161716"}],"wp:attachment":[{"href":"https:\/\/dev.bassin-arcachon.com\/it\/wp-json\/wp\/v2\/media?parent=161715"}],"wp:term":[{"taxonomy":"villea","embeddable":true,"href":"https:\/\/dev.bassin-arcachon.com\/it\/wp-json\/wp\/v2\/villea?post=161715"},{"taxonomy":"cat-event","embeddable":true,"href":"https:\/\/dev.bassin-arcachon.com\/it\/wp-json\/wp\/v2\/cat-event?post=161715"}],"curies":[{"name":"wp","href":"https:\/\/api.w.org\/{rel}","templated":true}]}}

<p>Dopo aver ospitato la compagnia in diverse occasioni, in particolare nel primo percorso coreografico e in &quot;Gernika&quot;, il Teatro Olympia ha scelto di presentare questa nuova avventura artistica del collettivo Bilaka.<br />
Questa volta, con otto ballerini e quattro musicisti, i giovani artisti baschi uniscono le forze con il regista Daniel San Pedro. Mescolando danza, musica e teatro, &quot;Bezperan&quot; offre un modo unico di raccontare una storia. È la storia di queste donne e uomini che, una sera d&#039;inverno nella neve, nel silenzio assordante della vita passata, parlano alle api e implorano la terra di evocare una nuova luce, un nuovo equilibrio.</p>

Après avoir accueilli à plusieurs reprises la compagnie notamment sur le premier parcours chorégraphique et « Gernika », le Théâtre Olympia a choisi de présenter cette nouvelle aventure artistique du [&hellip;]
