{"id":163956,"date":"2025-05-27T14:58:40","date_gmt":"2025-05-27T12:58:40","guid":{"rendered":"https:\/\/dev.bassin-arcachon.com\/agenda-et-sorties\/danakil-demain-peut-etre\/"},"modified":"2025-06-05T04:35:04","modified_gmt":"2025-06-05T02:35:04","slug":"dancalia-forse-domani","status":"publish","type":"agenda","link":"https:\/\/dev.bassin-arcachon.com\/it\/agenda-e-gite\/dancalia-forse-domani\/","title":{"rendered":"DANAKIL \u00bb DOMANI FORSE \u00ab\u00a0"},"content":{"rendered":"<p>Settembre 2024 segna una nuova pietra miliare per<br \/>\nDancalia, con l&#039;uscita dell&#039;album &quot;Domani forse<br \/>\n&quot;.<br \/>\nQuesto settimo album invita alla riflessione e alle sfumature.<br \/>\nattorno a una forma di fare un passo indietro da ci\u00f2 che<br \/>\nsiamo personalmente e collettivamente.<br \/>\nPersonalmente, su titoli come &quot;Tu il<br \/>\nsapere\u201d, \u201cOmbra e luce\u201d, \u201cVa e viene\u201d<br \/>\no anche &quot;Chi c&#039;\u00e8&quot;, e collettivamente in<br \/>\n&quot;L&#039;ordine del giorno&quot; &quot;La democrazia balbetta&quot;.<br \/>\nQueste canzoni raccontano passaggi della vita e<br \/>\nesperienze che molti di noi hanno<br \/>\nattraversato o attraverser\u00e0, per forza di cose.<br \/>\nIl messaggio di fondo \u00e8 assolutamente positivo. Invita<br \/>\nper tenere la testa alta anche nei momenti<br \/>\ndifficile, mettendo i fallimenti in prospettiva e valorizzandoli<br \/>\ni successi.<\/p>\n<p>Durata: 1 ora e 10 minuti<\/p>","protected":false},"featured_media":163957,"template":"","villea":[2174],"cat-event":[2191],"class_list":["post-163956","agenda","type-agenda","status-publish","has-post-thumbnail","hentry","villea-la-teste-de-buch","cat-event-musique-et-concerts"],"acf":[],"uagb_featured_image_src":{"full":["https:\/\/dev.bassin-arcachon.com\/wp-content\/uploads\/2025\/05\/280520251748399758_938516988.jpg",633,419,false],"thumbnail":["https:\/\/dev.bassin-arcachon.com\/wp-content\/uploads\/2025\/05\/280520251748399758_938516988-150x150.jpg",150,150,true],"medium":["https:\/\/dev.bassin-arcachon.com\/wp-content\/uploads\/2025\/05\/280520251748399758_938516988-300x199.jpg",300,199,true],"medium_large":["https:\/\/dev.bassin-arcachon.com\/wp-content\/uploads\/2025\/05\/280520251748399758_938516988.jpg",633,419,false],"large":["https:\/\/dev.bassin-arcachon.com\/wp-content\/uploads\/2025\/05\/280520251748399758_938516988.jpg",633,419,false],"1536x1536":["https:\/\/dev.bassin-arcachon.com\/wp-content\/uploads\/2025\/05\/280520251748399758_938516988.jpg",633,419,false],"2048x2048":["https:\/\/dev.bassin-arcachon.com\/wp-content\/uploads\/2025\/05\/280520251748399758_938516988.jpg",633,419,false],"trp-custom-language-flag":["https:\/\/dev.bassin-arcachon.com\/wp-content\/uploads\/2025\/05\/280520251748399758_938516988-18x12.jpg",18,12,true],"fp-small":["https:\/\/dev.bassin-arcachon.com\/wp-content\/uploads\/2025\/05\/280520251748399758_938516988.jpg",633,419,false],"fp-large":["https:\/\/dev.bassin-arcachon.com\/wp-content\/uploads\/2025\/05\/280520251748399758_938516988.jpg",633,419,false],"fp-xlarge":["https:\/\/dev.bassin-arcachon.com\/wp-content\/uploads\/2025\/05\/280520251748399758_938516988.jpg",633,419,false]},"uagb_author_info":{"display_name":"","author_link":"https:\/\/dev.bassin-arcachon.com\/it\/author\/"},"uagb_comment_info":0,"uagb_excerpt":"Septembre 2024 marque une nouvelle \u00e9tape pour Danakil, avec la sortie de l\u2019album \u00ab Demain peut\u00eatre \u00bb. Ce 7e album invite \u00e0 la nuance et \u00e0 la r\u00e9flexion autour d\u2019une [&hellip;]","_links":{"self":[{"href":"https:\/\/dev.bassin-arcachon.com\/it\/wp-json\/wp\/v2\/agenda\/163956","targetHints":{"allow":["GET"]}}],"collection":[{"href":"https:\/\/dev.bassin-arcachon.com\/it\/wp-json\/wp\/v2\/agenda"}],"about":[{"href":"https:\/\/dev.bassin-arcachon.com\/it\/wp-json\/wp\/v2\/types\/agenda"}],"version-history":[{"count":1,"href":"https:\/\/dev.bassin-arcachon.com\/it\/wp-json\/wp\/v2\/agenda\/163956\/revisions"}],"predecessor-version":[{"id":164195,"href":"https:\/\/dev.bassin-arcachon.com\/it\/wp-json\/wp\/v2\/agenda\/163956\/revisions\/164195"}],"wp:featuredmedia":[{"embeddable":true,"href":"https:\/\/dev.bassin-arcachon.com\/it\/wp-json\/wp\/v2\/media\/163957"}],"wp:attachment":[{"href":"https:\/\/dev.bassin-arcachon.com\/it\/wp-json\/wp\/v2\/media?parent=163956"}],"wp:term":[{"taxonomy":"villea","embeddable":true,"href":"https:\/\/dev.bassin-arcachon.com\/it\/wp-json\/wp\/v2\/villea?post=163956"},{"taxonomy":"cat-event","embeddable":true,"href":"https:\/\/dev.bassin-arcachon.com\/it\/wp-json\/wp\/v2\/cat-event?post=163956"}],"curies":[{"name":"wp","href":"https:\/\/api.w.org\/{rel}","templated":true}]}}

<p>Settembre 2024 segna una nuova pietra miliare per<br />
Dancalia, con l&#039;uscita dell&#039;album &quot;Domani forse<br />
&quot;.<br />
Questo settimo album invita alla riflessione e alle sfumature.<br />
attorno a una forma di fare un passo indietro da ciò che<br />
siamo personalmente e collettivamente.<br />
Personalmente, su titoli come &quot;Tu il<br />
sapere”, “Ombra e luce”, “Va e viene”<br />
o anche &quot;Chi c&#039;è&quot;, e collettivamente in<br />
&quot;L&#039;ordine del giorno&quot; &quot;La democrazia balbetta&quot;.<br />
Queste canzoni raccontano passaggi della vita e<br />
esperienze che molti di noi hanno<br />
attraversato o attraverserà, per forza di cose.<br />
Il messaggio di fondo è assolutamente positivo. Invita<br />
per tenere la testa alta anche nei momenti<br />
difficile, mettendo i fallimenti in prospettiva e valorizzandoli<br />
i successi.</p>
<p>Durata: 1 ora e 10 minuti</p>

Septembre 2024 marque une nouvelle étape pour Danakil, avec la sortie de l’album « Demain peutêtre ». Ce 7e album invite à la nuance et à la réflexion autour d’une [&hellip;]
